{"id":35,"date":"2021-08-13T22:05:37","date_gmt":"2021-08-13T20:05:37","guid":{"rendered":"https:\/\/golfecoledelair.fr\/?page_id=35"},"modified":"2026-04-18T21:31:52","modified_gmt":"2026-04-18T19:31:52","slug":"historique","status":"publish","type":"page","link":"https:\/\/golfecoledelair.fr\/index.php\/historique\/","title":{"rendered":"Historique"},"content":{"rendered":"<p style=\"text-align: center;\"><img loading=\"lazy\" decoding=\"async\" class=\"alignnone size-medium wp-image-9231\" src=\"https:\/\/golfecoledelair.fr\/wp-content\/uploads\/2025\/12\/Gl-Gauthier-1a-275x300.jpg\" alt=\"\" width=\"275\" height=\"300\" srcset=\"https:\/\/golfecoledelair.fr\/wp-content\/uploads\/2025\/12\/Gl-Gauthier-1a-275x300.jpg 275w, https:\/\/golfecoledelair.fr\/wp-content\/uploads\/2025\/12\/Gl-Gauthier-1a.jpg 550w\" sizes=\"auto, (max-width: 275px) 100vw, 275px\" \/><\/p>\n<p style=\"text-align: left;\"><em>\u00a0 \u00a0 \u00a0 \u00a0 \u00a0 <span style=\"color: #333333;\">\u00a0<span style=\"color: #000000;\">Cr\u00e9\u00e9 en 1972 sous l&rsquo;impulsion du<strong> G\u00e9n\u00e9ral Gabriel Gauthier<\/strong> chef d&rsquo;\u00e9tat major de l&rsquo;arm\u00e9e de l&rsquo;air, avec la collaboration de l\u2019architecte Hubert Chesneau, Le Golf de l\u2019\u00c9cole de l\u2019Air et de l&rsquo;Espace comportait 9 trous \u00e0 l&rsquo;origine.<\/span><\/span><\/em><\/p>\n<p style=\"text-align: left;\"><img loading=\"lazy\" decoding=\"async\" class=\"alignnone  wp-image-7340 aligncenter\" src=\"https:\/\/golfecoledelair.fr\/wp-content\/uploads\/2025\/01\/Photo-aerienne-5-226x300.jpg\" alt=\"\" width=\"344\" height=\"456\" srcset=\"https:\/\/golfecoledelair.fr\/wp-content\/uploads\/2025\/01\/Photo-aerienne-5-226x300.jpg 226w, https:\/\/golfecoledelair.fr\/wp-content\/uploads\/2025\/01\/Photo-aerienne-5.bmp 415w\" sizes=\"auto, (max-width: 344px) 100vw, 344px\" \/><\/p>\n<p style=\"text-align: center;\">Le golf au commencement, actuellement la partie retour.<\/p>\n<p><img loading=\"lazy\" decoding=\"async\" class=\"alignnone size-medium wp-image-9999 aligncenter\" src=\"https:\/\/golfecoledelair.fr\/wp-content\/uploads\/2026\/04\/Gl-Archambeaud-4-247x300.jpg\" alt=\"\" width=\"247\" height=\"300\" srcset=\"https:\/\/golfecoledelair.fr\/wp-content\/uploads\/2026\/04\/Gl-Archambeaud-4-247x300.jpg 247w, https:\/\/golfecoledelair.fr\/wp-content\/uploads\/2026\/04\/Gl-Archambeaud-4.jpg 550w\" sizes=\"auto, (max-width: 247px) 100vw, 247px\" \/><\/p>\n<p style=\"text-align: left;\"><span style=\"color: #000000;\"><em>\u00a0 \u00a0 \u00a0 \u00a0 \u00a0 Au fil des ann\u00e9es, soutenu par le<strong> G\u00e9n\u00e9ral Philippe Archambaud<\/strong> pr\u00e9sident du club de 1973 \u00e0 1989, il s&rsquo;est progressivement agrandi pour voir son extension \u00e0 18 trous r\u00e9alis\u00e9e en 1992 avec l&rsquo;appui du <strong>G\u00e9n\u00e9ral Herv\u00e9 Mangin d&rsquo;Ouince<\/strong> commandant la R\u00e9gion a\u00e9rienne M\u00e9diterran\u00e9e.<\/em><\/span><\/p>\n<p style=\"text-align: center;\">\n<p style=\"text-align: left;\"><span style=\"color: #000000;\"><em>\u00a0 \u00a0 \u00a0 \u00a0 \u00a0 Il est situ\u00e9 sur la<strong> Base a\u00e9rienne 701<\/strong> de Salon de Provence, lieu de stationnement de la Patrouille de France (PAF), des \u00c9quipes de voltige et des \u00c9coles d\u2019officiers de l\u2019Arm\u00e9e de l\u2019Air et de l&rsquo;Espace.<\/em><\/span><\/p>\n<p style=\"text-align: left;\"><span style=\"color: #000000;\"><span style=\"font-size: revert;\">\u00a0 \u00a0 \u00a0 \u00a0 \u00a0<em> Le parcours et ses installations sont g\u00e9r\u00e9s depuis le 27 octobre 2004 par une association loi du 1er juillet 1901 : <strong>Le Club de Golf de l&rsquo;\u00c9cole de l&rsquo;air et de l&rsquo;espace<\/strong>,<\/em><\/span><em>\u00a0affili\u00e9 \u00e0 la F\u00e9d\u00e9ration fran\u00e7aise de golf (FFG) ainsi qu\u2019\u00e0 la F\u00e9d\u00e9ration des clubs de la d\u00e9fense (FCD).<\/em><\/span><\/p>\n<p><span style=\"color: #000000;\"><em>\u00a0 \u00a0 \u00a0 \u00a0 \u00a0 Dirig\u00e9 par un comit\u00e9 directeur compos\u00e9 de 12 membres b\u00e9n\u00e9voles <\/em><\/span><span style=\"color: #000000;\"><em>\u00e9lus en assembl\u00e9e g\u00e9n\u00e9rale, il emploie du personnel civil salari\u00e9 qui assure les t\u00e2ches de direction, secr\u00e9tariat, accueil et entretien du parcours.<\/em><\/span><\/p>\n","protected":false},"excerpt":{"rendered":"<p>\u00a0 \u00a0 \u00a0 \u00a0 \u00a0 \u00a0Cr\u00e9\u00e9 en 1972 sous l&rsquo;impulsion du G\u00e9n\u00e9ral Gabriel Gauthier chef d&rsquo;\u00e9tat major de l&rsquo;arm\u00e9e de l&rsquo;air, avec la collaboration de &hellip;<\/p>\n","protected":false},"author":1,"featured_media":10108,"parent":0,"menu_order":0,"comment_status":"closed","ping_status":"closed","template":"","meta":{"om_disable_all_campaigns":false,"_monsterinsights_skip_tracking":false,"_monsterinsights_sitenote_active":false,"_monsterinsights_sitenote_note":"","_monsterinsights_sitenote_category":0,"footnotes":""},"class_list":["post-35","page","type-page","status-publish","has-post-thumbnail","hentry"],"aioseo_notices":[],"_links":{"self":[{"href":"https:\/\/golfecoledelair.fr\/index.php\/wp-json\/wp\/v2\/pages\/35","targetHints":{"allow":["GET"]}}],"collection":[{"href":"https:\/\/golfecoledelair.fr\/index.php\/wp-json\/wp\/v2\/pages"}],"about":[{"href":"https:\/\/golfecoledelair.fr\/index.php\/wp-json\/wp\/v2\/types\/page"}],"author":[{"embeddable":true,"href":"https:\/\/golfecoledelair.fr\/index.php\/wp-json\/wp\/v2\/users\/1"}],"replies":[{"embeddable":true,"href":"https:\/\/golfecoledelair.fr\/index.php\/wp-json\/wp\/v2\/comments?post=35"}],"version-history":[{"count":26,"href":"https:\/\/golfecoledelair.fr\/index.php\/wp-json\/wp\/v2\/pages\/35\/revisions"}],"predecessor-version":[{"id":10003,"href":"https:\/\/golfecoledelair.fr\/index.php\/wp-json\/wp\/v2\/pages\/35\/revisions\/10003"}],"wp:featuredmedia":[{"embeddable":true,"href":"https:\/\/golfecoledelair.fr\/index.php\/wp-json\/wp\/v2\/media\/10108"}],"wp:attachment":[{"href":"https:\/\/golfecoledelair.fr\/index.php\/wp-json\/wp\/v2\/media?parent=35"}],"curies":[{"name":"wp","href":"https:\/\/api.w.org\/{rel}","templated":true}]}}

<p style="text-align: center;"><img loading="lazy" decoding="async" class="alignnone size-medium wp-image-9231" src="https://golfecoledelair.fr/wp-content/uploads/2025/12/Gl-Gauthier-1a-275x300.jpg" alt="" width="275" height="300" srcset="https://golfecoledelair.fr/wp-content/uploads/2025/12/Gl-Gauthier-1a-275x300.jpg 275w, https://golfecoledelair.fr/wp-content/uploads/2025/12/Gl-Gauthier-1a.jpg 550w" sizes="auto, (max-width: 275px) 100vw, 275px" /></p>
<p style="text-align: left;"><em>          <span style="color: #333333;"> <span style="color: #000000;">Créé en 1972 sous l&rsquo;impulsion du<strong> Général Gabriel Gauthier</strong> chef d&rsquo;état major de l&rsquo;armée de l&rsquo;air, avec la collaboration de l’architecte Hubert Chesneau, Le Golf de l’École de l’Air et de l&rsquo;Espace comportait 9 trous à l&rsquo;origine.</span></span></em></p>
<p style="text-align: left;"><img loading="lazy" decoding="async" class="alignnone  wp-image-7340 aligncenter" src="https://golfecoledelair.fr/wp-content/uploads/2025/01/Photo-aerienne-5-226x300.jpg" alt="" width="344" height="456" srcset="https://golfecoledelair.fr/wp-content/uploads/2025/01/Photo-aerienne-5-226x300.jpg 226w, https://golfecoledelair.fr/wp-content/uploads/2025/01/Photo-aerienne-5.bmp 415w" sizes="auto, (max-width: 344px) 100vw, 344px" /></p>
<p style="text-align: center;">Le golf au commencement, actuellement la partie retour.</p>
<p><img loading="lazy" decoding="async" class="alignnone size-medium wp-image-9999 aligncenter" src="https://golfecoledelair.fr/wp-content/uploads/2026/04/Gl-Archambeaud-4-247x300.jpg" alt="" width="247" height="300" srcset="https://golfecoledelair.fr/wp-content/uploads/2026/04/Gl-Archambeaud-4-247x300.jpg 247w, https://golfecoledelair.fr/wp-content/uploads/2026/04/Gl-Archambeaud-4.jpg 550w" sizes="auto, (max-width: 247px) 100vw, 247px" /></p>
<p style="text-align: left;"><span style="color: #000000;"><em>          Au fil des années, soutenu par le<strong> Général Philippe Archambaud</strong> président du club de 1973 à 1989, il s&rsquo;est progressivement agrandi pour voir son extension à 18 trous réalisée en 1992 avec l&rsquo;appui du <strong>Général Hervé Mangin d&rsquo;Ouince</strong> commandant la Région aérienne Méditerranée.</em></span></p>
<p style="text-align: center;">
<p style="text-align: left;"><span style="color: #000000;"><em>          Il est situé sur la<strong> Base aérienne 701</strong> de Salon de Provence, lieu de stationnement de la Patrouille de France (PAF), des Équipes de voltige et des Écoles d’officiers de l’Armée de l’Air et de l&rsquo;Espace.</em></span></p>
<p style="text-align: left;"><span style="color: #000000;"><span style="font-size: revert;">         <em> Le parcours et ses installations sont gérés depuis le 27 octobre 2004 par une association loi du 1er juillet 1901 : <strong>Le Club de Golf de l&rsquo;École de l&rsquo;air et de l&rsquo;espace</strong>,</em></span><em> affilié à la Fédération française de golf (FFG) ainsi qu’à la Fédération des clubs de la défense (FCD).</em></span></p>
<p><span style="color: #000000;"><em>          Dirigé par un comité directeur composé de 12 membres bénévoles </em></span><span style="color: #000000;"><em>élus en assemblée générale, il emploie du personnel civil salarié qui assure les tâches de direction, secrétariat, accueil et entretien du parcours.</em></span></p>

<p>           Créé en 1972 sous l&rsquo;impulsion du Général Gabriel Gauthier chef d&rsquo;état major de l&rsquo;armée de l&rsquo;air, avec la collaboration de &hellip;</p>
