{"id":55,"date":"2021-08-13T22:10:52","date_gmt":"2021-08-13T20:10:52","guid":{"rendered":"https:\/\/golfecoledelair.fr\/?page_id=55"},"modified":"2026-03-08T16:55:31","modified_gmt":"2026-03-08T15:55:31","slug":"competitions-equipes-mixtes","status":"publish","type":"page","link":"https:\/\/golfecoledelair.fr\/index.php\/competitions-equipes-mixtes\/","title":{"rendered":"Comp\u00e9titions interclubs mixtes"},"content":{"rendered":"<h5>S\u00e9niors de Provence :<\/h5>\n<p>Une dizaine de golfs\u00a0 se rencontrent sur une journ\u00e9e, une dizaine de fois dans la saison de mai \u00e0 novembre, suivant plusieurs formules : Stableford individuel, Scramble ou 4 balles. S\u2019il y a bien un classement individuel et par \u00e9quipe, il s\u2019agit surtout d\u2019organiser des journ\u00e9es conviviales toujours accompagn\u00e9es d\u2019un d\u00e9jeuner pris en commun in fine.<\/p>\n<p style=\"text-align: center;\"><a title=\"S\u00e9niors de Provence\" href=\"https:\/\/www.asp-golf.fr\/\" target=\"_blank\" rel=\"noopener\">En savoir plus<\/a><\/p>\n<p style=\"text-align: center;\">Capitaine d&rsquo;\u00e9quipe : <strong>Jean Paul Trapy<\/strong><\/p>\n<p style=\"text-align: center;\"><a href=\"https:\/\/www.asp-golf.fr\/calendrier-previsionnel-2026\/\">Calendrier 2026<\/a><\/p>\n<p style=\"text-align: center;\"><img loading=\"lazy\" decoding=\"async\" class=\"alignnone  wp-image-2206\" src=\"https:\/\/golfecoledelair.fr\/wp-content\/uploads\/2022\/06\/Golfeur-mixte01.png\" alt=\". .\" width=\"140\" height=\"84\" \/><\/p>\n<h5>S\u00e9niors <strong>+<\/strong> :<\/h5>\n<p>Interclubs en match aller et retour entre une dizaine de clubs pour des joueurs de + de 65 ans.<\/p>\n<p style=\"text-align: center;\">En savoir plus<\/p>\n<p style=\"text-align: center;\">Capitaine d&rsquo;\u00e9quipe : <strong>Gaston Nicole<\/strong><\/p>\n<p style=\"text-align: center;\"><a href=\"http:\/\/golfecoledelair.fr\/compet \u00e9quipes\/s\u00e9niors+\/calendrier s\u00e9niors+2025.pdf\" data-wplink-url-error=\"true\">Calendrier 2025 et R\u00e9sultats<\/a>\u00a0 \u00a0 \u00a0 \u00a0 \u00a0 \u00a0 \u00a0 \u00a0 \u00a0 \u00a0 \u00a0 \u00a0 \u00a0 \u00a0 \u00a0\u00a0 \u00a0 \u00a0<a href=\"http:\/\/golfecoledelair.fr\/compet \u00e9quipes\/s\u00e9niors+\/calendrier s\u00e9niors+2026.pdf\">Calendrier et r\u00e9sultats 2026<\/a><\/p>\n<p style=\"text-align: center;\"><img loading=\"lazy\" decoding=\"async\" class=\"alignnone  wp-image-2206\" src=\"https:\/\/golfecoledelair.fr\/wp-content\/uploads\/2022\/06\/Golfeur-mixte01.png\" alt=\". .\" width=\"140\" height=\"84\" \/><\/p>\n<h5>Coupe de l&rsquo;amiti\u00e9<\/h5>\n<p>Organis\u00e9es par l&rsquo;Association des Golfs de la Coupe de l&rsquo;Amiti\u00e9 (AGCA), ces comp\u00e9titions se jouent de septembre \u00e0 mai. Elles ont pour but d&rsquo;entrainer les joueurs et joueuses durant la basse saison afin de les pr\u00e9parer pour les championnats f\u00e9d\u00e9raux de France, de Ligue ainsi qu&rsquo;aux Grands Prix. Les clubs sont regroup\u00e9s en division, g\u00e9n\u00e9ralement compos\u00e9es de 4 voire 5 \u00e9quipes. Les rencontres se jouent le samedi en match \u00ab\u00a0aller retour\u00a0\u00bb, soit 6 ou 8 rencontres par an.<\/p>\n<p style=\"text-align: center;\"><a title=\"Amiti\u00e9\" href=\"http:\/\/agca-amitie.org\/\">En savoir plus<\/a><\/p>\n<ul>\n<li>\n<h5>Coupe de l&rsquo;amiti\u00e9 1\u00e8re s\u00e9rie :<\/h5>\n<\/li>\n<\/ul>\n<p style=\"text-align: center;\">Capitaine d&rsquo;\u00e9quipe : <strong>Kevin Thibault<\/strong><\/p>\n<p style=\"text-align: center;\"><a href=\"http:\/\/agca-amitie.org\/H1_suivi_page.php\">Calendrier 2026<\/a><\/p>\n<p style=\"text-align: center;\"><a href=\"https:\/\/golfecoledelair.fr\/index.php\/photos-2023\/\">Master Amiti\u00e9 14 octobre 2023 Golf du Luberon : photos et r\u00e9sultats<\/a><\/p>\n<ul>\n<li>\n<h5>Coupe de l&rsquo;amiti\u00e9\u00a0 2\u00e8me s\u00e9rie :<\/h5>\n<\/li>\n<\/ul>\n<p style=\"text-align: center;\">Capitaine d&rsquo;\u00e9quipe : <strong>Jean Paul Trapy<\/strong><\/p>\n<p style=\"text-align: center;\"><a href=\"https:\/\/agca-amitie.org\/D1_suivi_page.php\">Calendrier 2026<\/a><\/p>\n<p style=\"text-align: center;\"><img loading=\"lazy\" decoding=\"async\" class=\"alignnone  wp-image-2206\" src=\"https:\/\/golfecoledelair.fr\/wp-content\/uploads\/2022\/06\/Golfeur-mixte01.png\" alt=\". .\" width=\"140\" height=\"84\" \/><\/p>\n<p style=\"text-align: center;\">\n","protected":false},"excerpt":{"rendered":"<p>S\u00e9niors de Provence : Une dizaine de golfs\u00a0 se rencontrent sur une journ\u00e9e, une dizaine de fois dans la saison de mai \u00e0 novembre, suivant &hellip;<\/p>\n","protected":false},"author":1,"featured_media":778,"parent":0,"menu_order":0,"comment_status":"closed","ping_status":"closed","template":"","meta":{"om_disable_all_campaigns":false,"_monsterinsights_skip_tracking":false,"_monsterinsights_sitenote_active":false,"_monsterinsights_sitenote_note":"","_monsterinsights_sitenote_category":0,"footnotes":""},"class_list":["post-55","page","type-page","status-publish","has-post-thumbnail","hentry"],"aioseo_notices":[],"_links":{"self":[{"href":"https:\/\/golfecoledelair.fr\/index.php\/wp-json\/wp\/v2\/pages\/55","targetHints":{"allow":["GET"]}}],"collection":[{"href":"https:\/\/golfecoledelair.fr\/index.php\/wp-json\/wp\/v2\/pages"}],"about":[{"href":"https:\/\/golfecoledelair.fr\/index.php\/wp-json\/wp\/v2\/types\/page"}],"author":[{"embeddable":true,"href":"https:\/\/golfecoledelair.fr\/index.php\/wp-json\/wp\/v2\/users\/1"}],"replies":[{"embeddable":true,"href":"https:\/\/golfecoledelair.fr\/index.php\/wp-json\/wp\/v2\/comments?post=55"}],"version-history":[{"count":69,"href":"https:\/\/golfecoledelair.fr\/index.php\/wp-json\/wp\/v2\/pages\/55\/revisions"}],"predecessor-version":[{"id":9642,"href":"https:\/\/golfecoledelair.fr\/index.php\/wp-json\/wp\/v2\/pages\/55\/revisions\/9642"}],"wp:featuredmedia":[{"embeddable":true,"href":"https:\/\/golfecoledelair.fr\/index.php\/wp-json\/wp\/v2\/media\/778"}],"wp:attachment":[{"href":"https:\/\/golfecoledelair.fr\/index.php\/wp-json\/wp\/v2\/media?parent=55"}],"curies":[{"name":"wp","href":"https:\/\/api.w.org\/{rel}","templated":true}]}}