{"id":7858,"date":"2025-04-11T21:07:27","date_gmt":"2025-04-11T19:07:27","guid":{"rendered":"https:\/\/golfecoledelair.fr\/?page_id=7858"},"modified":"2026-04-01T15:48:44","modified_gmt":"2026-04-01T13:48:44","slug":"championnat-du-club","status":"publish","type":"page","link":"https:\/\/golfecoledelair.fr\/index.php\/championnat-du-club\/","title":{"rendered":"Championnat du Club"},"content":{"rendered":"\n<figure class=\"wp-block-table has-normal-font-size\"><table class=\"has-background has-fixed-layout\" style=\"background:radial-gradient(rgb(202,248,128) 31%,rgb(113,206,126) 100%)\"><tbody><tr><td class=\"has-text-align-center\" data-align=\"center\"><img loading=\"lazy\" decoding=\"async\" width=\"100\" height=\"60\" src=\"https:\/\/golfecoledelair.fr\/wp-content\/uploads\/2022\/06\/Golfeur-mixte01-150x150.png\" alt=\". .\"><br><a href=\"https:\/\/golfecoledelair.fr\/compet chpt club\/r\u00e8glement.pdf\" title=\"\"><strong>Conditions de participation et r\u00e8glement<\/strong><\/a><br><br><img loading=\"lazy\" decoding=\"async\" width=\"250\" height=\"261\" class=\"wp-image-9598\" style=\"width: 250px;\" src=\"https:\/\/golfecoledelair.fr\/wp-content\/uploads\/2026\/02\/Trophee.-03.png\" alt=\"\" srcset=\"https:\/\/golfecoledelair.fr\/wp-content\/uploads\/2026\/02\/Trophee.-03.png 500w, https:\/\/golfecoledelair.fr\/wp-content\/uploads\/2026\/02\/Trophee.-03-287x300.png 287w\" sizes=\"auto, (max-width: 250px) 100vw, 250px\" \/><br><br><a href=\"https:\/\/golfecoledelair.fr\/compet chpt club\/chpt26.pdf\" title=\"\"><strong>Tableaux &amp; R\u00e9sultats 2026<\/strong><\/a><br><br><strong><a href=\"https:\/\/golfecoledelair.fr\/compet chpt club\/chpt25.pdf\" title=\"\">Tableaux &amp; R\u00e9sultats 2025<\/a> <\/strong><br><img loading=\"lazy\" decoding=\"async\" width=\"100\" height=\"60\" src=\"https:\/\/golfecoledelair.fr\/wp-content\/uploads\/2022\/06\/Golfeur-mixte01-150x150.png\" alt=\". .\"><\/td><\/tr><\/tbody><\/table><\/figure>\n\n\n\n<p><\/p>\n","protected":false},"excerpt":{"rendered":"<p>Conditions de participation et r\u00e8glement Tableaux &amp; R\u00e9sultats 2026 Tableaux &amp; R\u00e9sultats 2025<\/p>\n","protected":false},"author":1,"featured_media":7904,"parent":0,"menu_order":0,"comment_status":"closed","ping_status":"closed","template":"","meta":{"om_disable_all_campaigns":false,"_monsterinsights_skip_tracking":false,"_monsterinsights_sitenote_active":false,"_monsterinsights_sitenote_note":"","_monsterinsights_sitenote_category":0,"footnotes":""},"class_list":["post-7858","page","type-page","status-publish","has-post-thumbnail","hentry"],"aioseo_notices":[],"_links":{"self":[{"href":"https:\/\/golfecoledelair.fr\/index.php\/wp-json\/wp\/v2\/pages\/7858","targetHints":{"allow":["GET"]}}],"collection":[{"href":"https:\/\/golfecoledelair.fr\/index.php\/wp-json\/wp\/v2\/pages"}],"about":[{"href":"https:\/\/golfecoledelair.fr\/index.php\/wp-json\/wp\/v2\/types\/page"}],"author":[{"embeddable":true,"href":"https:\/\/golfecoledelair.fr\/index.php\/wp-json\/wp\/v2\/users\/1"}],"replies":[{"embeddable":true,"href":"https:\/\/golfecoledelair.fr\/index.php\/wp-json\/wp\/v2\/comments?post=7858"}],"version-history":[{"count":29,"href":"https:\/\/golfecoledelair.fr\/index.php\/wp-json\/wp\/v2\/pages\/7858\/revisions"}],"predecessor-version":[{"id":9808,"href":"https:\/\/golfecoledelair.fr\/index.php\/wp-json\/wp\/v2\/pages\/7858\/revisions\/9808"}],"wp:featuredmedia":[{"embeddable":true,"href":"https:\/\/golfecoledelair.fr\/index.php\/wp-json\/wp\/v2\/media\/7904"}],"wp:attachment":[{"href":"https:\/\/golfecoledelair.fr\/index.php\/wp-json\/wp\/v2\/media?parent=7858"}],"curies":[{"name":"wp","href":"https:\/\/api.w.org\/{rel}","templated":true}]}}