{"id":9603,"date":"2026-03-10T21:41:12","date_gmt":"2026-03-10T20:41:12","guid":{"rendered":"https:\/\/golfecoledelair.fr\/?page_id=9603"},"modified":"2026-04-18T22:57:33","modified_gmt":"2026-04-18T20:57:33","slug":"ride-air-cup-2026","status":"publish","type":"page","link":"https:\/\/golfecoledelair.fr\/index.php\/ride-air-cup-2026\/","title":{"rendered":"Ride Air Cup 2026"},"content":{"rendered":"<h5 style=\"text-align: center;\">Ride Air Cup 2026<\/h5>\n<p style=\"text-align: center;\"><img loading=\"lazy\" decoding=\"async\" class=\"alignnone wp-image-8506 size-full\" src=\"https:\/\/golfecoledelair.fr\/wp-content\/uploads\/2025\/07\/Logo-Ride-Air-Cup-since-2023-370.png\" alt=\"\" width=\"293\" height=\"294\" srcset=\"https:\/\/golfecoledelair.fr\/wp-content\/uploads\/2025\/07\/Logo-Ride-Air-Cup-since-2023-370.png 293w, https:\/\/golfecoledelair.fr\/wp-content\/uploads\/2025\/07\/Logo-Ride-Air-Cup-since-2023-370-150x150.png 150w\" sizes=\"auto, (max-width: 293px) 100vw, 293px\" \/><\/p>\n<p>Pour la quatri\u00e8me ann\u00e9e cons\u00e9cutive, le vendredi 1er et le samedi 02 mai, l&rsquo;\u00c9cole de I&rsquo;Air et de l&rsquo;Espace accueillera la Ride Air Cup sur le Golf de la BA701.<\/p>\n<p>Cette comp\u00e9tition, ouverte aux hommes et aux femmes quel que soit leur index, permet de r\u00e9unir toutes les promotions de l&rsquo;\u00c9cole de l&rsquo;Air et de l&rsquo;Espace, de l&rsquo;\u00c9cole militaire de I&rsquo;Air, du Commissariat de l&rsquo;Air, et de collecter des fonds qui sont revers\u00e9s \u00e0 l&rsquo;AEAE. Les \u00e9l\u00e8ves en cours de scolarit\u00e9 sont \u00e9galement les bienvenus.<\/p>\n<p>Il reste encore quelques places avant la <strong>fin des inscriptions le 29 mars 2026<\/strong>. Vous pouvez vous manifester aupr\u00e8s GCA (2S) Louis Pena, capitaine des jaunes : <strong><a href=\"mailto:louipena@aol.com\">louipena@aol.com<\/a><\/strong>.<\/p>\n<p>Peu importe votre index, d\u00e8s lors que vous avez une licence et un certificat m\u00e9dical \u00e0 jour.<\/p>\n<p>Lors de votre inscription par mail, merci de pr\u00e9ciser :<\/p>\n<ul>\n<li>Votre promotion,<\/li>\n<li>Votre index,<\/li>\n<li>Votre taille de polo,<\/li>\n<li>Votre num\u00e9ro de portable.<\/li>\n<\/ul>\n<p>Une vingtaine de joueurs se sont d\u00e9j\u00e0 inscrits.<\/p>\n<p>L\u2019inscription est fix\u00e9e \u00e0 60\u20ac,\u00a0auxquels s\u2019ajoutera le don \u00e0 l\u2019AEAE que vous voudrez bien faire.<\/p>\n<p style=\"text-align: center;\"><strong>A tr\u00e8s bient\u00f4t au d\u00e9part du tee n\u00b01<\/strong><\/p>\n<p><img loading=\"lazy\" decoding=\"async\" class=\"alignnone  wp-image-2206 aligncenter\" src=\"https:\/\/golfecoledelair.fr\/wp-content\/uploads\/2022\/06\/Golfeur-mixte01.png\" alt=\". .\" width=\"146\" height=\"88\" \/><\/p>\n<h6 style=\"text-align: center;\"><a href=\"http:\/\/golfecoledelair.fr\/compet%20rideaircup\/rac%202026\/modalit%C3%A9s.pdf\">Modalit\u00e9s pratiques et r\u00e8glement de la comp\u00e9tition<\/a><\/h6>\n<h6 style=\"text-align: center;\">Programme du week end<\/h6>\n<h6 style=\"text-align: center;\"><strong>Vendredi 1er mai<\/strong><\/h6>\n<p style=\"text-align: center;\">Rendez-vous au club 11 h 00 \u2013 11 h30,<\/p>\n<p style=\"text-align: center;\">12 h 00 : plateaux repas,<\/p>\n<p style=\"text-align: center;\">d\u00e8s 14 H 00 : FOURSOME, d\u00e9parts en ligne.<\/p>\n<h6 style=\"text-align: center;\"><strong>Samedi<\/strong><strong> 2 mai<\/strong><\/h6>\n<p style=\"text-align: center;\">Caf\u00e9, viennoiseries au club \u00e0 partir de 07 h 00,<\/p>\n<p style=\"text-align: center;\">08 H 30 : MATCHPLAY, Shotgun,<\/p>\n<p style=\"text-align: center;\">\u00e0 l\u2019issue : repas champ\u00eatre, proclamation des r\u00e9sultats.<\/p>\n<h5 style=\"text-align: center;\"><a href=\"https:\/\/golfecoledelair.fr\/compet%20rideaircup\/rac%202026\/\u00e9quipes 2026.pdf\"><strong>\u00c9quipes<\/strong><\/a><\/h5>\n<h5 style=\"text-align: center;\"><a href=\"https:\/\/golfecoledelair.fr\/compet%20rideaircup\/rac%202026\/r\u00e9sultats 2026.pdf\"><strong>Matchs 1\u00e8re et 2\u00e8me journ\u00e9es et r\u00e9sultats<\/strong><\/a><\/h5>\n<p><img loading=\"lazy\" decoding=\"async\" class=\"alignnone  wp-image-2206 aligncenter\" src=\"https:\/\/golfecoledelair.fr\/wp-content\/uploads\/2022\/06\/Golfeur-mixte01.png\" alt=\". .\" width=\"146\" height=\"88\" \/><\/p>\n<p style=\"text-align: center;\"><img loading=\"lazy\" decoding=\"async\" class=\"alignnone wp-image-8451 size-large\" src=\"https:\/\/golfecoledelair.fr\/wp-content\/uploads\/2025\/06\/R.A.C.2025-1-1024x768.jpg\" alt=\"\" width=\"1024\" height=\"768\" srcset=\"https:\/\/golfecoledelair.fr\/wp-content\/uploads\/2025\/06\/R.A.C.2025-1-1024x768.jpg 1024w, https:\/\/golfecoledelair.fr\/wp-content\/uploads\/2025\/06\/R.A.C.2025-1-300x225.jpg 300w, https:\/\/golfecoledelair.fr\/wp-content\/uploads\/2025\/06\/R.A.C.2025-1-768x576.jpg 768w, https:\/\/golfecoledelair.fr\/wp-content\/uploads\/2025\/06\/R.A.C.2025-1-1536x1153.jpg 1536w, https:\/\/golfecoledelair.fr\/wp-content\/uploads\/2025\/06\/R.A.C.2025-1-2048x1537.jpg 2048w, https:\/\/golfecoledelair.fr\/wp-content\/uploads\/2025\/06\/R.A.C.2025-1-400x300.jpg 400w\" sizes=\"auto, (max-width: 1024px) 100vw, 1024px\" \/><\/p>\n<p><img loading=\"lazy\" decoding=\"async\" class=\"alignnone  wp-image-2206 aligncenter\" src=\"https:\/\/golfecoledelair.fr\/wp-content\/uploads\/2022\/06\/Golfeur-mixte01.png\" alt=\". .\" width=\"146\" height=\"88\" \/><\/p>\n\n\n<p><\/p>\n","protected":false},"excerpt":{"rendered":"<p>Ride Air Cup 2026 Pour la quatri\u00e8me ann\u00e9e cons\u00e9cutive, le vendredi 1er et le samedi 02 mai, l&rsquo;\u00c9cole de I&rsquo;Air et de l&rsquo;Espace accueillera la &hellip;<\/p>\n","protected":false},"author":1,"featured_media":10141,"parent":0,"menu_order":0,"comment_status":"closed","ping_status":"closed","template":"","meta":{"om_disable_all_campaigns":false,"_monsterinsights_skip_tracking":false,"_monsterinsights_sitenote_active":false,"_monsterinsights_sitenote_note":"","_monsterinsights_sitenote_category":0,"footnotes":""},"class_list":["post-9603","page","type-page","status-publish","has-post-thumbnail","hentry"],"aioseo_notices":[],"_links":{"self":[{"href":"https:\/\/golfecoledelair.fr\/index.php\/wp-json\/wp\/v2\/pages\/9603","targetHints":{"allow":["GET"]}}],"collection":[{"href":"https:\/\/golfecoledelair.fr\/index.php\/wp-json\/wp\/v2\/pages"}],"about":[{"href":"https:\/\/golfecoledelair.fr\/index.php\/wp-json\/wp\/v2\/types\/page"}],"author":[{"embeddable":true,"href":"https:\/\/golfecoledelair.fr\/index.php\/wp-json\/wp\/v2\/users\/1"}],"replies":[{"embeddable":true,"href":"https:\/\/golfecoledelair.fr\/index.php\/wp-json\/wp\/v2\/comments?post=9603"}],"version-history":[{"count":28,"href":"https:\/\/golfecoledelair.fr\/index.php\/wp-json\/wp\/v2\/pages\/9603\/revisions"}],"predecessor-version":[{"id":9668,"href":"https:\/\/golfecoledelair.fr\/index.php\/wp-json\/wp\/v2\/pages\/9603\/revisions\/9668"}],"wp:featuredmedia":[{"embeddable":true,"href":"https:\/\/golfecoledelair.fr\/index.php\/wp-json\/wp\/v2\/media\/10141"}],"wp:attachment":[{"href":"https:\/\/golfecoledelair.fr\/index.php\/wp-json\/wp\/v2\/media?parent=9603"}],"curies":[{"name":"wp","href":"https:\/\/api.w.org\/{rel}","templated":true}]}}

<h5 style="text-align: center;">Ride Air Cup 2026</h5>
<p style="text-align: center;"><img loading="lazy" decoding="async" class="alignnone wp-image-8506 size-full" src="https://golfecoledelair.fr/wp-content/uploads/2025/07/Logo-Ride-Air-Cup-since-2023-370.png" alt="" width="293" height="294" srcset="https://golfecoledelair.fr/wp-content/uploads/2025/07/Logo-Ride-Air-Cup-since-2023-370.png 293w, https://golfecoledelair.fr/wp-content/uploads/2025/07/Logo-Ride-Air-Cup-since-2023-370-150x150.png 150w" sizes="auto, (max-width: 293px) 100vw, 293px" /></p>
<p>Pour la quatrième année consécutive, le vendredi 1er et le samedi 02 mai, l&rsquo;École de I&rsquo;Air et de l&rsquo;Espace accueillera la Ride Air Cup sur le Golf de la BA701.</p>
<p>Cette compétition, ouverte aux hommes et aux femmes quel que soit leur index, permet de réunir toutes les promotions de l&rsquo;École de l&rsquo;Air et de l&rsquo;Espace, de l&rsquo;École militaire de I&rsquo;Air, du Commissariat de l&rsquo;Air, et de collecter des fonds qui sont reversés à l&rsquo;AEAE. Les élèves en cours de scolarité sont également les bienvenus.</p>
<p>Il reste encore quelques places avant la <strong>fin des inscriptions le 29 mars 2026</strong>. Vous pouvez vous manifester auprès GCA (2S) Louis Pena, capitaine des jaunes : <strong><a href="mailto:louipena@aol.com">louipena@aol.com</a></strong>.</p>
<p>Peu importe votre index, dès lors que vous avez une licence et un certificat médical à jour.</p>
<p>Lors de votre inscription par mail, merci de préciser :</p>
<ul>
<li>Votre promotion,</li>
<li>Votre index,</li>
<li>Votre taille de polo,</li>
<li>Votre numéro de portable.</li>
</ul>
<p>Une vingtaine de joueurs se sont déjà inscrits.</p>
<p>L’inscription est fixée à 60€, auxquels s’ajoutera le don à l’AEAE que vous voudrez bien faire.</p>
<p style="text-align: center;"><strong>A très bientôt au départ du tee n°1</strong></p>
<p><img loading="lazy" decoding="async" class="alignnone  wp-image-2206 aligncenter" src="https://golfecoledelair.fr/wp-content/uploads/2022/06/Golfeur-mixte01.png" alt=". ." width="146" height="88" /></p>
<h6 style="text-align: center;"><a href="http://golfecoledelair.fr/compet%20rideaircup/rac%202026/modalit%C3%A9s.pdf">Modalités pratiques et règlement de la compétition</a></h6>
<h6 style="text-align: center;">Programme du week end</h6>
<h6 style="text-align: center;"><strong>Vendredi 1er mai</strong></h6>
<p style="text-align: center;">Rendez-vous au club 11 h 00 – 11 h30,</p>
<p style="text-align: center;">12 h 00 : plateaux repas,</p>
<p style="text-align: center;">dès 14 H 00 : FOURSOME, départs en ligne.</p>
<h6 style="text-align: center;"><strong>Samedi</strong><strong> 2 mai</strong></h6>
<p style="text-align: center;">Café, viennoiseries au club à partir de 07 h 00,</p>
<p style="text-align: center;">08 H 30 : MATCHPLAY, Shotgun,</p>
<p style="text-align: center;">à l’issue : repas champêtre, proclamation des résultats.</p>
<h5 style="text-align: center;"><a href="https://golfecoledelair.fr/compet%20rideaircup/rac%202026/équipes 2026.pdf"><strong>Équipes</strong></a></h5>
<h5 style="text-align: center;"><a href="https://golfecoledelair.fr/compet%20rideaircup/rac%202026/résultats 2026.pdf"><strong>Matchs 1ère et 2ème journées et résultats</strong></a></h5>
<p><img loading="lazy" decoding="async" class="alignnone  wp-image-2206 aligncenter" src="https://golfecoledelair.fr/wp-content/uploads/2022/06/Golfeur-mixte01.png" alt=". ." width="146" height="88" /></p>
<p style="text-align: center;"><img loading="lazy" decoding="async" class="alignnone wp-image-8451 size-large" src="https://golfecoledelair.fr/wp-content/uploads/2025/06/R.A.C.2025-1-1024x768.jpg" alt="" width="1024" height="768" srcset="https://golfecoledelair.fr/wp-content/uploads/2025/06/R.A.C.2025-1-1024x768.jpg 1024w, https://golfecoledelair.fr/wp-content/uploads/2025/06/R.A.C.2025-1-300x225.jpg 300w, https://golfecoledelair.fr/wp-content/uploads/2025/06/R.A.C.2025-1-768x576.jpg 768w, https://golfecoledelair.fr/wp-content/uploads/2025/06/R.A.C.2025-1-1536x1153.jpg 1536w, https://golfecoledelair.fr/wp-content/uploads/2025/06/R.A.C.2025-1-2048x1537.jpg 2048w, https://golfecoledelair.fr/wp-content/uploads/2025/06/R.A.C.2025-1-400x300.jpg 400w" sizes="auto, (max-width: 1024px) 100vw, 1024px" /></p>
<p><img loading="lazy" decoding="async" class="alignnone  wp-image-2206 aligncenter" src="https://golfecoledelair.fr/wp-content/uploads/2022/06/Golfeur-mixte01.png" alt=". ." width="146" height="88" /></p>


<p></p>

<p>Ride Air Cup 2026 Pour la quatrième année consécutive, le vendredi 1er et le samedi 02 mai, l&rsquo;École de I&rsquo;Air et de l&rsquo;Espace accueillera la &hellip;</p>
